0?
True
Is 240 a multiple of 48?
True
Is 30429 a multiple of 161?
True
Is 374 a factor of 62196?
False
Is 1666 a multiple of 17?
True
Is 24 a factor of 2880?
True
Does 61 divide 11837?
False
Does 50 divide 950?
True
Is 8118 a multiple of 6?
True
Does 13 divide 120?
False
Does 59 divide 1298?
True
Is 349 a factor of 152513?
True
Is 6675 a multiple of 3?
True
Is 42371 a multiple of 7?
True
Does 26 divide 47788?
True
Does 28 divide 1185?
False
Is 1499 even?
False
Does 149 divide 117561?
True
Does 7 divide 143?
False
Is 119 a multiple of 16?
False
Is 33 a multiple of 3?
True
Is 17 a factor of 8636?
True
Is 20235 a multiple of 19?
True
Does 11 divide 3795?
True
Is 18 a factor of 342?
True
Does 14 divide 784?
True
Does 33 divide 627?
True
Is 672 a multiple of 7?
True
Is 33 a factor of 792?
True
Is 3300 a multiple of 12?
True
Is 7511 a multiple of 14?
False
Does 4 divide 16?
True
Does 28 divide 24640?
True
Is 225 a factor of 22018?
False
Is 4676 a multiple of 38?
False
Is 118 a factor of 45678?
False
Is 25477 a multiple of 7?
False
Is 85 a multiple of 5?
True
Is 16 a factor of 6983?
False
Does 87 divide 10266?
True
Is 81 a factor of 358?
False
Does 5 divide 3314?
False
Does 10 divide 7056?
False
Is 28 a factor of 4564?
True
Is 11715 a multiple of 71?
True
Does 84 divide 2138?
False
Does 25 divide 275?
True
Is 24587 a multiple of 14?
False
Does 22 divide 9372?
True
Is 55 a factor of 1430?
True
Is 29 a factor of 2660?
False
Is 1075 a multiple of 42?
False
Is 54 a factor of 2052?
True
Is 644 a multiple of 14?
True
Is 152 a factor of 84517?
False
Is 3735 a multiple of 45?
True
Does 14 divide 37870?
True
Does 22 divide 60940?
True
Is 1326 a multiple of 42?
False
Does 71 divide 98761?
True
Does 13 divide 702?
True
Is 49 a factor of 4091?
False
Is 13180 a multiple of 26?
False
Is 174 a factor of 23490?
True
Does 71 divide 443?
False
Is 651 a multiple of 21?
True
Is 11745 a multiple of 9?
True
Is 22 a factor of 42?
False
Is 2990 a multiple of 13?
True
Is 4 a factor of 318?
False
Is 17 a factor of 1088?
True
Is 41 a factor of 1886?
True
Is 22 a factor of 1012?
True
Does 307 divide 8184?
False
Is 2213 a multiple of 49?
False
Does 8 divide 2154?
False
Is 272 a multiple of 8?
True
Does 13 divide 31889?
True
Is 7545 a multiple of 12?
False
Is 2016 a multiple of 9?
True
Does 33 divide 2409?
True
Does 49 divide 71353?
False
Is 110 a factor of 17431?
False
Does 14 divide 14840?
True
Does 116 divide 75864?
True
Does 170 divide 29580?
True
Is 3825 even?
False
Does 81 divide 49855?
False
Does 8 divide 80?
True
Does 8 divide 12778?
False
Does 40 divide 3520?
True
Is 27 a factor of 91?
False
Does 33 divide 14025?
True
Does 23 divide 67477?
False
Is 1269 a multiple of 20?
False
Is 210 a factor of 10885?
False
Is 8634 a multiple of 170?
False
Is 22175 a multiple of 5?
True
Does 14 divide 1344?
True
Is 12 a factor of 34941?
False
Does 7 divide 6433?
True
Does 14 divide 357?
False
Is 40 a factor of 480?
True
Does 73 divide 7889?
False
Does 166 divide 33698?
True
Is 1540 a multiple of 44?
True
Does 55 divide 1265?
True
Does 6 divide 310?
False
Is 338 a factor of 75774?
False
Is 36 a factor of 72?
True
Is 11032 even?
True
Is 14040 a multiple of 24?
True
Does 44 divide 727?
False
Does 114 divide 25393?
False
Does 21 divide 634?
False
Is 9 a factor of 22806?
True
Does 14 divide 17440?
False
Is 107 a multiple of 4?
False
Is 4 a factor of 172?
True
Is 12 a factor of 264?
True
Is 4 a factor of 845?
False
Does 26 divide 549?
False
Is 8171 a multiple of 182?
False
Does 3 divide 117?
True
Does 102 divide 2958?
True
Is 12 a factor of 23931?
False
Is 1356 a multiple of 24?
False
Is 21 a factor of 112?
False
Is 20640 a multiple of 10?
True
Is 28 a factor of 1512?
True
Is 10 a factor of 4710?
True
Is 3475 a multiple of 35?
False
Is 21120 a multiple of 32?
True
Is 100 a multiple of 100?
True
Does 5 divide 806?
False
Does 4 divide 12403?
False
Does 11 divide 643?
False
Does 13 divide 10098?
False
Is 8 a factor of 102?
False
Does 74 divide 3848?
True
Does 8 divide 176?
True
Is 27 a factor of 5280?
False
Does 25 divide 1733?
False
Is 3 a factor of 344?
False
Is 4 a factor of 5552?
True
Does 24 divide 129024?
True
Is 11 a factor of 2871?
True
Does 19 divide 285?
True
Is 792 a multiple of 66?
True
Is 11293 a multiple of 51?
False
Is 10855 a multiple of 13?
True
Does 34 divide 1326?
True
Is 7007 a multiple of 71?
False
Is 1547 a multiple of 61?
False
Is 91 a factor of 2093?
True
Is 9 a factor of 6291?
True
Is 55 a factor of 567?
False
Is 217 a multiple of 31?
True
Is 52 a factor of 156?
True
Is 460 a multiple of 4?
True
Is 10 a factor of 253?
False
Is 2888 a multiple of 38?
True
Does 53 divide 16536?
True
Is 18915 a multiple of 39?
True
Is 294 a factor of 9114?
True
Is 90571 a multiple of 64?
False
Is 156 a multiple of 11?
False
Does 17 divide 72726?
True
Is 105 a factor of 5040?
True
Is 22794 a multiple of 87?
True
Does 35 divide 38347?
False
Does 18 divide 88674?
False
Does 20 divide 831?
False
Is 10 a factor of 910?
True
Is 33 a factor of 99?
True
Is 31727 a multiple of 2?
False
Is 46 a factor of 828?
True
Does 6 divide 14869?
False
Does 7 divide 1106?
True
Is 1645 a multiple of 14?
False
Does 17 divide 1173?
True
Is 2602 a multiple of 83?
False
Does 62 divide 9362?
True
Does 42 divide 756?
True
Is 10 a factor of 4750?
True
Is 23883 a multiple of 57?
True
Is 78 a factor of 58525?
False
Is 30 a factor of 1590?
True
Does 180 divide 4418?
False
Is 77 a multiple of 11?
True
Is 15416 a multiple of 94?
True
Is 15 a factor of 595?
False
Does 32 divide 727?
False
Is 47 a factor of 658?
True
Does 18 divide 378?
True
Is 14124 a multiple of 33?
True
Does 13 divide 2817?
False
Is 17 a factor of 5117?
True
Does 67 divide 379?
False
Is 27 a factor of 115228?
False
Is 4025 a multiple of 5?
True
Is 4102 a multiple of 23?
False
Is 3074 a multiple of 106?
True
Is 4 a factor of 2904?
True
Is 23 a factor of 10154?
False
Is 17 a factor of 1282?
False
Is 213 a factor of 40044?
True
Does 7 divide 20660?
False
Does 11 divide 564?
False
Is 10270 a multiple of 8?
False
Is 26 a factor of 258?
False
Is 4950 a multiple of 66?
True
Does 2 divide 377?
False
Is 239 a factor of 16912?
False
Is 3486 a multiple of 4?
False
Is 24 a factor of 10272?
True
Does 219 divide 107593?
False
Does 22 divide 6085?
False
Does 33 divide 1317?
False
Is 36 a multiple of 6?
True
Does 62 divide 13950?
True
Is 28 a factor of 2261?
False
Is 17 a factor of 2021?
False
Is 644 a multiple of 28?
True
Is 7600 a multiple of 10?
True
Is 200 a factor of 29600?
True
Is 1229 a multiple of 26?
False
Does 9 divide 30665?
False
Is 16 a factor of 54574?
False
Is 3 a factor of 1929?
True
Is 28 a factor of 11413?
False
Does 27 divide 243?
True
Is 570 a multiple of 19?
True
Is 660 a multiple of 15?
True
Is 3913 a multiple of 26?
False
Is 7 a factor of 636?
False
Is 13 a factor of 1433?
False
Is 1856 a multiple of 2?
True
Does 17 divide 19142?
True
Does 84 divide 944?
False
Does 123 divide 23588?
False
Is 40 a factor of 1628?
False
Is 308 a multiple of 7?
True
Is 50 a factor of 9200?
True
Is 132880 a multiple of 220?
True
Is 1169 a multiple of 25?
False
Is 468 a multiple of 10?
False
Does 4 divide 460?
True
Is 4393 a multiple of 44?
False
Is 13860 a multiple of 66?
True
Is 24 a factor of 9024?
True
Is 8736 a multiple of 16?
True
Is 12 a factor of 384?
True
Is 6 a factor of 1036?
False
Is 4350 a multiple of 75?
True
Is 61 a factor of 854?
True
Is 24606 a multiple of 9?
True
Is 14445 a multiple of 21?
False
Does 233 divide 52658?
True
Is 3575 a multiple of 25?
True
Does 131 divide 39591?
False
Is 2632 a multiple of 14?
True
Is 16 a factor of 25197?
False
Is 65 a multiple of 3?
False
Does 13 divide 546?
True
Does 16 divide 784?
True
Does 11 divide 869?
True
Is 1095 a multiple of 219?
True
Does 37 divide 814?
True
Is 46 a factor of 28535?
False
Is 23 a factor of 358?
False
Is 14391 a multiple of 39?
True
Does 19 divide 1816?
False
Does 181 divide 14271?
False
Is 3 a factor of 513?
True
Is 822 a multiple of 11?
False
Is 55 a factor of 28875?
True
Does 35 divide 2815?
False
Is 462 a multiple of 66?
True
Does 9 divide 4532?
False
Does 6 divide 2076?
True
Does 4 divide 1228?
True
Is 13 a factor of 23959?
True
Is 13 a factor of 29327?
False
Does 23 divide 598?
True
Is